?
-666232
In base 7, what is 20655 + -20041?
614
In base 7, what is -23361513 - 106?
-23361622
In base 4, what is 101 + -1130022313102?
-1130022313001
In base 12, what is -5206 + -18a61?
-22067
In base 8, what is -2361642657 - 3?
-2361642662
In base 7, what is -4 - 5144345615?
-5144345622
In base 12, what is -2b - -231916?
2318a7
In base 9, what is -10481 - -151835?
141344
In base 14, what is 12c - -1d958?
1da86
In base 2, what is 100 - -10101001101011100100000?
10101001101011100100100
In base 2, what is 110110001 + 110010001101000100?
110010010011110101
In base 12, what is -23b3 + -35b9?
-59b0
In base 9, what is -17432732 + 3?
-17432728
In base 4, what is 121202101 - -11020?
121213121
In base 3, what is -101101002 + 12202112?
-11121120
In base 14, what is 3 - 1195ba?
-1195b7
In base 3, what is -11 - 10201020102110120?
-10201020102110201
In base 8, what is 146 + -773046?
-772700
In base 3, what is 10102001110000020 + -2?
10102001110000011
In base 12, what is -48938 + -687?
-49403
In base 16, what is 5ee48d - 3?
5ee48a
In base 10, what is 11 + -10015018?
-10015007
In base 4, what is -3 + 23323110023?
23323110020
In base 15, what is 5346b4 - 0?
5346b4
In base 11, what is -38 - -83131?
830a4
In base 7, what is -223114342 + 12?
-223114330
In base 11, what is -16724288 - 8?
-16724295
In base 14, what is -9bc2 - -c48?
-8d78
In base 5, what is 43220333010 - -3?
43220333013
In base 4, what is -1203012321 + 120?
-1203012201
In base 4, what is -1212302010 + 3?
-1212302001
In base 4, what is -21113 + 13202311?
13121132
In base 2, what is 100101100101011111000101010 - 1?
100101100101011111000101001
In base 3, what is 11 - -222102201110?
222102201121
In base 7, what is 2401 + 265265?
300666
In base 9, what is 48 - -16545141?
16545200
In base 16, what is 34705 + 9?
3470e
In base 8, what is -13435 + -12572?
-26227
In base 12, what is 31877 + -177?
31700
In base 3, what is -10010 + 20121200000?
20121112220
In base 2, what is -100011010110010110000001 + 100?
-100011010110010101111101
In base 14, what is -5 - -71337b?
713376
In base 2, what is -101100101011 + 1111010010001?
1001101100110
In base 11, what is 160376 - 20?
160356
In base 4, what is -2303 + -11003001?
-11011310
In base 6, what is -4423213553 - -2?
-4423213551
In base 12, what is -2b6 + -35698?
-35992
In base 9, what is -677755 + 48?
-677706
In base 4, what is -331 - 1023210121?
-1023211112
In base 3, what is 10 - -112022101102121?
112022101102201
In base 6, what is 22244512215 + 3?
22244512222
In base 3, what is 2001111220110 + 12?
2001111220122
In base 13, what is 5c8 + 335?
930
In base 3, what is 2200021212002222 + 0?
2200021212002222
In base 9, what is -11655 - 188?
-11854
In base 14, what is -256 - -31a2?
2d4a
In base 5, what is 424 - 124234113?
-124233134
In base 13, what is 906c898c + 3?
906c8992
In base 15, what is -47 - 1001c?
-10064
In base 11, what is 43a3478 + 1?
43a3479
In base 2, what is -10110110100111110100 - 0?
-10110110100111110100
In base 8, what is 2 + -321050532?
-321050530
In base 11, what is -14576 + 50?
-14526
In base 14, what is -34 + -1b575?
-1b5a9
In base 9, what is -4171825 + 2?
-4171823
In base 9, what is 3415200 - -2?
3415202
In base 6, what is 2310 + -1222442?
-1220132
In base 12, what is -4ba27 - 4b1?
-50318
In base 15, what is 2 - 17617e8?
-17617e6
In base 8, what is -16560172 + 40?
-16560132
In base 10, what is -36 + -1326097?
-1326133
In base 15, what is a7a - -4608?
5183
In base 10, what is 1 + -4802211?
-4802210
In base 15, what is cb15aeb + -4?
cb15ae7
In base 13, what is -6 - 41855989?
-41855992
In base 6, what is 24152041 + 0?
24152041
In base 3, what is -1000211 + -2110022?
-10111010
In base 3, what is -1000112221001202 - 1000?
-1000112221002202
In base 14, what is -35 + -d8540b?
-d85442
In base 3, what is 120101 + -1021211?
-201110
In base 5, what is -431 - 134313422?
-134314403
In base 8, what is 4 + 40556105?
40556111
In base 4, what is -3 - -2320202020323?
2320202020320
In base 8, what is 100227 - -1076?
101325
In base 4, what is -100120 - 3102130?
-3202310
In base 6, what is 5 + -2041011105?
-2041011100
In base 6, what is -121044423301 + 4?
-121044423253
In base 7, what is -1 - 15611441?
-15611442
In base 6, what is 42 - -30300132?
30300214
In base 11, what is 63 + -262834?
-262781
In base 11, what is -8a677 - -59?
-8a619
In base 8, what is -123525754 - 2?
-123525756
In base 10, what is 643 + -81367?
-80724
In base 12, what is 632 - -250885?
2512b7
In base 9, what is -1817183 + -1461?
-1818654
In base 9, what is 32 - -1641738?
1641771
In base 10, what is 22742985 - -12?
22742997
In base 3, what is 210201 - -12200102212?
12201020120
In base 13, what is 7 - -12bb15?
12bb1c
In base 2, what is 111001111001110111100111 + -100000?
111001111001110111000111
In base 7, what is 6 - 62546435?
-62546426
In base 8, what is -130 - -77250?
77120
In base 4, what is 1102213202 + -11?
1102213131
In base 3, what is -221121212 - 202002?
-222100221
In base 16, what is 3 + -482b48d?
-482b48a
In base 5, what is -4 - 211343004?
-211343013
In base 4, what is -12 + 1011122320310?
1011122320232
In base 10, what is 3 + 9709117?
9709120
In base 16, what is -484f - -3b?
-4814
In base 14, what is -207531 + -a?
-20753b
In base 5, what is -20242142124 + -14?
-20242142143
In base 11, what is -1023178 + -59?
-1023226
In base 9, what is 11612238 + 0?
11612238
In base 3, what is 21 + 21222011110210?
21222011111001
In base 14, what is 4 - 2a26c96?
-2a26c92
In base 9, what is 3544 - 3775?
-231
In base 5, what is 221304343 + -140?
221304203
In base 10, what is -69512543 - -2?
-69512541
In base 12, what is 292 - -61b?
8b1
In base 5, what is 331300433422 - -13?
331300433440
In base 2, what is 1 - -10100010101110101000?
10100010101110101001
In base 8, what is 270 - -255525?
256015
In base 2, what is 11 - -100000011011000100110001?
100000011011000100110100
In base 11, what is 3023 - 170?
2963
In base 9, what is 132 - -2311316?
2311448
In base 14, what is -49899b - -25?
-498976
In base 8, what is -362 - -157650?
157266
In base 6, what is 10 - -525032?
525042
In base 13, what is b - 1ac8cb8?
-1ac8caa
In base 4, what is 2032010 - 11?
2031333
In base 6, what is -1 - 422045505?
-422045510
In base 10, what is 1142 - -385155?
386297
In base 11, what is 81a83016 + -5?
81a83011
In base 14, what is 832bc - 26?
83296
In base 11, what is 6275a - 618?
62142
In base 4, what is 30 - 103322230311?
-103322230221
In base 12, what is -16a0ab - -283?
-169a28
In base 10, what is 15 + 8635326?
8635341
In base 7, what is -221524 + -12?
-221536
In base 3, what is 1022102011012200 + 11?
1022102011012211
In base 3, what is -2102110021020221 + -1?
-2102110021020222
In base 7, what is 13443354265 - 1?
13443354264
In base 13, what is -801a439c + 0?
-801a439c
In base 10, what is 20 - 19722623?
-19722603
In base 7, what is 26550121025 + -5?
26550121020
In base 5, what is 2121 - 324331131?
-324324010
In base 12, what is 2 - 1965a55?
-1965a53
In base 9, what is -2788615 - 32?
-2788647
In base 11, what is 260683 + 11?
260694
In base 16, what is -88cde4 + 2?
-88cde2
In base 8, what is 155414245 + 5?
155414252
In base 2, what is 101000011100000100010 + 1010?
101000011100000101100
In base 2, what is 10010011 + 101100101000111100010?
101100101001001110101
In base 4, what is 1223 - 122112232?
-122111003
In base 15, what is 5c6a88 - -4?
5c6a8c
In base 14, what is 18b1206 + -4?
18b1202
In base 13, what is b501b6c - 1?
b501b6b
In base 12, what is 5 + 79949209?
79949212
In base 15, what is -4 - 7c35e?
-7c363
In base 6, what is 22352 - -44233?
111025
In base 4, what is -120322 - 311110?
-1032032
In base 7, what is -3 + 336464010?
336464004
In base 4, what is 102020103333000 - -1?
102020103333001
In base 14, what is -2071b92 + 2?
-2071b90
In base 14, what is 2 + 2032da?
2032dc
In base 4, what is -11 - 1200310313201?
-1200310313212
In base 10, what is 482295301 + -3?
482295298
In base 10, what is -2003828 + -1?
-2003829
In base 12, what is 86 - 4b070?
-4aba6
In base 9, what is 21 - 42544?
-42523
In base 12, what is 1 + 1387132?
1387133
In base 8, what is -27603 + -1632?
-31435
In base 2, what is -11100010101111011010010 + -11?
-11100010101111011010101
In base 16, what is -209fdc + -3?
-209fdf
In base 7, what is -12165161 - -1?
-12165160
